{"id":111,"date":"2025-12-22T16:32:10","date_gmt":"2025-12-22T16:32:10","guid":{"rendered":"https:\/\/nachobaeza.com\/?page_id=111"},"modified":"2025-12-24T17:51:43","modified_gmt":"2025-12-24T17:51:43","slug":"bio","status":"publish","type":"page","link":"https:\/\/nachobaeza.com\/index.php\/bio\/","title":{"rendered":"Bio"},"content":{"rendered":"\n<div class=\"wp-block-group is-vertical is-layout-flex wp-container-core-group-is-layout-8cf370e7 wp-block-group-is-layout-flex\">\n<p class=\"has-text-align-left\">Nacho Baeza Garc\u00eda es un compositor centrado en la exploraci\u00f3n del timbre, la dramaturgia sonora y la interacci\u00f3n interdisciplinar. Su trabajo combina tradici\u00f3n e innovaci\u00f3n en un lenguaje propio, orientado a generar experiencias sonoras que establecen un di\u00e1logo entre la m\u00fasica y otros lenguajes art\u00edsticos, as\u00ed como a expandir las posibilidades expresivas de los instrumentos.<\/p>\n\n\n\n<p class=\"has-text-align-left\">Formado en la Escola Superior de M\u00fasica de Catalunya (ESMUC), donde estudia composici\u00f3n con Mauricio Sotelo y Jos\u00e9 R\u00edo-Pareja, desarrolla su trayectoria en estrecha relaci\u00f3n con la creaci\u00f3n musical contempor\u00e1nea y la investigaci\u00f3n art\u00edstica. Complementa su formaci\u00f3n mediante talleres, seminarios y clases magistrales con compositores como Raquel Garc\u00eda-Tom\u00e1s, Miguel Azguime, Agust\u00ed Charles, H\u00e9ctor Parra, Fabi\u00e0 Santcovsky, Elena Mendoza y Joan Magran\u00e9, entre otros. Asimismo, realiza cursos de perfeccionamiento en el extranjero, como el <strong>27th Annual Composition and Percussion Workshop Symposium<\/strong> en la Rep\u00fablica Checa, y participa en programas internacionales de creaci\u00f3n como la <strong>Barcelona International Summer School of Contemporary Music (BASS, julio 2025)<\/strong>.<\/p>\n\n\n\n<p class=\"has-text-align-left\">Su cat\u00e1logo abarca obras para instrumentos solistas, m\u00fasica de c\u00e1mara, ensemble, \u00f3pera y proyectos esc\u00e9nicos, as\u00ed como m\u00fasica incidental para teatro. Su producci\u00f3n se caracteriza por un enfoque contempor\u00e1neo en el que el timbre, la espacializaci\u00f3n y la dramaturgia sonora act\u00faan como ejes estructurales, explorando nuevas relaciones entre el int\u00e9rprete, el sonido y el espacio.<\/p>\n\n\n\n<p class=\"has-text-align-left\">Ha sido ganador de la convocatoria <strong>IN.TUNE \u2013 Call for Student-Led Projects: <em>Connect, Create and Collaborate Across Borders<\/em><\/strong>, desarrollada en colaboraci\u00f3n con el Conservatorio Nacional Superior de M\u00fasica y Danza de Par\u00eds (CNSMD) y el Conservatorio Real de La Haya (KCDH) (2025\/2026), as\u00ed como de la <strong>II Edici\u00f3n del Concurso \u201cResidir en la Investigaci\u00f3n. Transferencia del conocimiento a trav\u00e9s del arte\u201d<\/strong> (2025). Ha sido finalista en la <strong>XII Gala Talento Joven 2024\/2025<\/strong> organizada por Levante-EMV y CaixaBank con su proyecto de \u00f3pera de c\u00e1mara <em>Frontera<\/em>. Su trabajo ha sido seleccionado en contextos de creaci\u00f3n como el <strong>VI Taller ENSEMS de Creaci\u00f3 Sonora<\/strong> y el <strong>Taller de Composici\u00f3n y Experimentaci\u00f3n Sonora<\/strong> del Festival Mixtur.<\/p>\n\n\n\n<p class=\"has-text-align-left\">Actualmente, contin\u00faa desarrollando nuevos proyectos de creaci\u00f3n contempor\u00e1nea, profundizando en la interacci\u00f3n entre m\u00fasica, dramaturgia y tecnolog\u00eda.<\/p>\n<\/div>\n\n\n\n<div class=\"wp-block-buttons alignfull is-content-justification-center is-layout-flex wp-container-core-buttons-is-layout-e1485a7b wp-block-buttons-is-layout-flex\">\n<div class=\"wp-block-button\"><a class=\"wp-block-button__link wp-element-button\" href=\"https:\/\/linktr.ee\/nachobaeza\">LINKTR<\/a><\/div>\n\n\n\n<div class=\"wp-block-button\"><a class=\"wp-block-button__link wp-element-button\" href=\"https:\/\/drive.google.com\/drive\/folders\/10RLx1UzDe2aTphOWd-5vLULCSQsUStXW?usp=sharing\">PRESS KIT<\/a><\/div>\n<\/div>\n\n\n\n<figure class=\"wp-block-table alignwide\"><table class=\"has-fixed-layout\"><tbody><tr><td class=\"has-text-align-center\" data-align=\"center\">Educaci\u00f3n<\/td><td>Grado en ense\u00f1anzas Art\u00edstica Superiores en M\u00fasica, modalida Cl\u00e1sica y Contempor\u00e1nea, especialidad de Composici\u00f3n (2022-2026) <strong> \u2013 <\/strong>Escola Superior de M\u00fasica de Catalunya<\/td><\/tr><tr><td class=\"has-text-align-center\" data-align=\"center\">Reconocimientos<\/td><td>\u2022 Ganador de la convocatoria <strong><a href=\"https:\/\/intune-alliance.eu\/news\/712-four-student-projects-selected-to-connect-create-and-collaborate-across-borders\">IN.TUNE \u2013 Call for Student-Led Projects: <\/a><em><a href=\"https:\/\/intune-alliance.eu\/news\/712-four-student-projects-selected-to-connect-create-and-collaborate-across-borders\">Connect, Create and Collaborate Across Borders<\/a><\/em><\/strong>, en colaboraci\u00f3n con el Conservatorio Nacional Superior de M\u00fasica y Danza de Par\u00eds (CNSMD) y el Conservatorio Real de La Haya (KCDH) (2025\/2026).<br><br>\u2022 Ganador de la <strong><a href=\"https:\/\/iei.uv.es\/el-grupo-siv-presenta-raices-y-resonancias-en-el-marco-de-la-ii-edicion-del-programa-residir-en-la-investigacion\/\">II Edici\u00f3n del Concurso \u201cResidir en la Investigaci\u00f3n. Transferencia del conocimiento<\/a> a trav\u00e9s del arte\u201d<\/strong> (noviembre de 2025).<br><br>\u2022 Finalista en la <strong><a href=\"https:\/\/www.levante-emv.com\/comunitat-valenciana\/2025\/02\/14\/premios-talento-joven-finalistas-cultura-114231010.html\">XII Gala Talento Joven 2024\/2025<\/a><\/strong>, organizada por Levante-EMV y CaixaBank, con su proyecto de \u00f3pera de c\u00e1mara <em>Frontera <\/em>(febrero de 2025).<br><br>\u2022 Seleccionado para la participaci\u00f3n en el <strong>Taller de Composici\u00f3n y Experimentaci\u00f3n Sonora<\/strong> del Festival Mixtur (noviembre de 2023).<br><br>\u2022 Ganador de la convocatoria abierta de la <strong><a href=\"https:\/\/comunica.gva.es\/es\/detalle?id=372651132&amp;site=174338946\">VI Edici\u00f3 Taller ENSEMS de Creaci\u00f3 Sonora<\/a><\/strong><a href=\"https:\/\/comunica.gva.es\/es\/detalle?id=372651132&amp;site=174338946\"> <\/a>(octubre de 2023).<\/td><\/tr><\/tbody><\/table><\/figure>\n","protected":false},"excerpt":{"rendered":"<p>Nacho Baeza Garc\u00eda es un compositor centrado en la exploraci\u00f3n del timbre, la dramaturgia sonora y la interacci\u00f3n interdisciplinar. Su trabajo combina tradici\u00f3n e innovaci\u00f3n en un lenguaje propio, orientado<a href=\"https:\/\/nachobaeza.com\/index.php\/bio\/\" class=\"more-link\"><span class=\"readmore\">Seguir leyendo<span class=\"screen-reader-text\">Bio<\/span><\/span><\/a><\/p>\n","protected":false},"author":1,"featured_media":0,"parent":0,"menu_order":1,"comment_status":"closed","ping_status":"closed","template":"","meta":{"footnotes":""},"class_list":["post-111","page","type-page","status-publish","hentry"],"_links":{"self":[{"href":"https:\/\/nachobaeza.com\/index.php\/wp-json\/wp\/v2\/pages\/111","targetHints":{"allow":["GET"]}}],"collection":[{"href":"https:\/\/nachobaeza.com\/index.php\/wp-json\/wp\/v2\/pages"}],"about":[{"href":"https:\/\/nachobaeza.com\/index.php\/wp-json\/wp\/v2\/types\/page"}],"author":[{"embeddable":true,"href":"https:\/\/nachobaeza.com\/index.php\/wp-json\/wp\/v2\/users\/1"}],"replies":[{"embeddable":true,"href":"https:\/\/nachobaeza.com\/index.php\/wp-json\/wp\/v2\/comments?post=111"}],"version-history":[{"count":2,"href":"https:\/\/nachobaeza.com\/index.php\/wp-json\/wp\/v2\/pages\/111\/revisions"}],"predecessor-version":[{"id":153,"href":"https:\/\/nachobaeza.com\/index.php\/wp-json\/wp\/v2\/pages\/111\/revisions\/153"}],"wp:attachment":[{"href":"https:\/\/nachobaeza.com\/index.php\/wp-json\/wp\/v2\/media?parent=111"}],"curies":[{"name":"wp","href":"https:\/\/api.w.org\/{rel}","templated":true}]}}

<div class="wp-block-group is-vertical is-layout-flex wp-container-core-group-is-layout-8cf370e7 wp-block-group-is-layout-flex">
<p class="has-text-align-left">Nacho Baeza García es un compositor centrado en la exploración del timbre, la dramaturgia sonora y la interacción interdisciplinar. Su trabajo combina tradición e innovación en un lenguaje propio, orientado a generar experiencias sonoras que establecen un diálogo entre la música y otros lenguajes artísticos, así como a expandir las posibilidades expresivas de los instrumentos.</p>



<p class="has-text-align-left">Formado en la Escola Superior de Música de Catalunya (ESMUC), donde estudia composición con Mauricio Sotelo y José Río-Pareja, desarrolla su trayectoria en estrecha relación con la creación musical contemporánea y la investigación artística. Complementa su formación mediante talleres, seminarios y clases magistrales con compositores como Raquel García-Tomás, Miguel Azguime, Agustí Charles, Héctor Parra, Fabià Santcovsky, Elena Mendoza y Joan Magrané, entre otros. Asimismo, realiza cursos de perfeccionamiento en el extranjero, como el <strong>27th Annual Composition and Percussion Workshop Symposium</strong> en la República Checa, y participa en programas internacionales de creación como la <strong>Barcelona International Summer School of Contemporary Music (BASS, julio 2025)</strong>.</p>



<p class="has-text-align-left">Su catálogo abarca obras para instrumentos solistas, música de cámara, ensemble, ópera y proyectos escénicos, así como música incidental para teatro. Su producción se caracteriza por un enfoque contemporáneo en el que el timbre, la espacialización y la dramaturgia sonora actúan como ejes estructurales, explorando nuevas relaciones entre el intérprete, el sonido y el espacio.</p>



<p class="has-text-align-left">Ha sido ganador de la convocatoria <strong>IN.TUNE – Call for Student-Led Projects: <em>Connect, Create and Collaborate Across Borders</em></strong>, desarrollada en colaboración con el Conservatorio Nacional Superior de Música y Danza de París (CNSMD) y el Conservatorio Real de La Haya (KCDH) (2025/2026), así como de la <strong>II Edición del Concurso “Residir en la Investigación. Transferencia del conocimiento a través del arte”</strong> (2025). Ha sido finalista en la <strong>XII Gala Talento Joven 2024/2025</strong> organizada por Levante-EMV y CaixaBank con su proyecto de ópera de cámara <em>Frontera</em>. Su trabajo ha sido seleccionado en contextos de creación como el <strong>VI Taller ENSEMS de Creació Sonora</strong> y el <strong>Taller de Composición y Experimentación Sonora</strong> del Festival Mixtur.</p>



<p class="has-text-align-left">Actualmente, continúa desarrollando nuevos proyectos de creación contemporánea, profundizando en la interacción entre música, dramaturgia y tecnología.</p>
</div>



<div class="wp-block-buttons alignfull is-content-justification-center is-layout-flex wp-container-core-buttons-is-layout-e1485a7b wp-block-buttons-is-layout-flex">
<div class="wp-block-button"><a class="wp-block-button__link wp-element-button" href="https://linktr.ee/nachobaeza">LINKTR</a></div>



<div class="wp-block-button"><a class="wp-block-button__link wp-element-button" href="https://drive.google.com/drive/folders/10RLx1UzDe2aTphOWd-5vLULCSQsUStXW?usp=sharing">PRESS KIT</a></div>
</div>



<figure class="wp-block-table alignwide"><table class="has-fixed-layout"><tbody><tr><td class="has-text-align-center" data-align="center">Educación</td><td>Grado en enseñanzas Artística Superiores en Música, modalida Clásica y Contemporánea, especialidad de Composición (2022-2026) <strong> – </strong>Escola Superior de Música de Catalunya</td></tr><tr><td class="has-text-align-center" data-align="center">Reconocimientos</td><td>• Ganador de la convocatoria <strong><a href="https://intune-alliance.eu/news/712-four-student-projects-selected-to-connect-create-and-collaborate-across-borders">IN.TUNE – Call for Student-Led Projects: </a><em><a href="https://intune-alliance.eu/news/712-four-student-projects-selected-to-connect-create-and-collaborate-across-borders">Connect, Create and Collaborate Across Borders</a></em></strong>, en colaboración con el Conservatorio Nacional Superior de Música y Danza de París (CNSMD) y el Conservatorio Real de La Haya (KCDH) (2025/2026).<br><br>• Ganador de la <strong><a href="https://iei.uv.es/el-grupo-siv-presenta-raices-y-resonancias-en-el-marco-de-la-ii-edicion-del-programa-residir-en-la-investigacion/">II Edición del Concurso “Residir en la Investigación. Transferencia del conocimiento</a> a través del arte”</strong> (noviembre de 2025).<br><br>• Finalista en la <strong><a href="https://www.levante-emv.com/comunitat-valenciana/2025/02/14/premios-talento-joven-finalistas-cultura-114231010.html">XII Gala Talento Joven 2024/2025</a></strong>, organizada por Levante-EMV y CaixaBank, con su proyecto de ópera de cámara <em>Frontera </em>(febrero de 2025).<br><br>• Seleccionado para la participación en el <strong>Taller de Composición y Experimentación Sonora</strong> del Festival Mixtur (noviembre de 2023).<br><br>• Ganador de la convocatoria abierta de la <strong><a href="https://comunica.gva.es/es/detalle?id=372651132&amp;site=174338946">VI Edició Taller ENSEMS de Creació Sonora</a></strong><a href="https://comunica.gva.es/es/detalle?id=372651132&amp;site=174338946"> </a>(octubre de 2023).</td></tr></tbody></table></figure>

<p>Nacho Baeza García es un compositor centrado en la exploración del timbre, la dramaturgia sonora y la interacción interdisciplinar. Su trabajo combina tradición e innovación en un lenguaje propio, orientado<a href="https://nachobaeza.com/index.php/bio/" class="more-link"><span class="readmore">Seguir leyendo<span class="screen-reader-text">Bio</span></span></a></p>
